{"id":710,"date":"2023-10-31T07:27:01","date_gmt":"2023-10-31T07:27:01","guid":{"rendered":"https:\/\/ecvg.com.br\/site\/?page_id=710"},"modified":"2025-06-12T20:32:42","modified_gmt":"2025-06-12T20:32:42","slug":"saunas","status":"publish","type":"page","link":"https:\/\/ecvg.com.br\/site\/saunas\/","title":{"rendered":"SAUNAS"},"content":{"rendered":"\n<p><strong>Hor\u00e1rios de funcionamento da Sauna<\/strong><\/p>\n\n\n\n<figure class=\"wp-block-table\"><table class=\"has-fixed-layout\"><tbody><tr><td class=\"has-text-align-center\" data-align=\"center\"><strong>DIA<\/strong><\/td><td class=\"has-text-align-center\" data-align=\"center\"><strong>Sauna Masculina<\/strong><\/td><td class=\"has-text-align-center\" data-align=\"center\"><strong>Sauna Feminina<\/strong><\/td><\/tr><tr><td class=\"has-text-align-center\" data-align=\"center\">Sexta &#8211; Feira<\/td><td class=\"has-text-align-center\" data-align=\"center\">18h \u00e0s 20h45<\/td><td class=\"has-text-align-center\" data-align=\"center\">\u2013<\/td><\/tr><tr><td class=\"has-text-align-center\" data-align=\"center\">S\u00e1bado<\/td><td class=\"has-text-align-center\" data-align=\"center\">13h \u00e0s 17h<\/td><td class=\"has-text-align-center\" data-align=\"center\">8h30 \u00e0s 12h<\/td><\/tr><tr><td class=\"has-text-align-center\" data-align=\"center\">Domingo<\/td><td class=\"has-text-align-center\" data-align=\"center\">8h30 \u00e0s 12h<\/td><td class=\"has-text-align-center\" data-align=\"center\">\u2013<\/td><\/tr><\/tbody><\/table><\/figure>\n\n\n\n<div data-wp-interactive=\"core\/file\" class=\"wp-block-file\"><object data-wp-bind--hidden=\"!state.hasPdfPreview\" hidden class=\"wp-block-file__embed\" data=\"https:\/\/ecvg.com.br\/site\/wp-content\/uploads\/2025\/06\/Comunicado-SAUNA-12-06-2025.pdf\" type=\"application\/pdf\" style=\"width:100%;height:600px\" aria-label=\"Incorporado de Comunicado SAUNA 12-06-2025.\"><\/object><a id=\"wp-block-file--media-1debd8ee-f7aa-4499-834a-39f4d1d13ee0\" href=\"https:\/\/ecvg.com.br\/site\/wp-content\/uploads\/2025\/06\/Comunicado-SAUNA-12-06-2025.pdf\">Comunicado SAUNA 12-06-2025<\/a><a href=\"https:\/\/ecvg.com.br\/site\/wp-content\/uploads\/2025\/06\/Comunicado-SAUNA-12-06-2025.pdf\" class=\"wp-block-file__button wp-element-button\" download aria-describedby=\"wp-block-file--media-1debd8ee-f7aa-4499-834a-39f4d1d13ee0\">Baixar<\/a><\/div>\n\n\n\n<p><strong>Atualizado em 12\/06\/2025<\/strong><\/p>\n\n\n\n<p><\/p>\n","protected":false},"excerpt":{"rendered":"<p>Hor\u00e1rios de funcionamento da Sauna DIA Sauna Masculina Sauna Feminina Sexta &#8211; Feira 18h \u00e0s 20h45 \u2013 S\u00e1bado 13h \u00e0s 17h 8h30 \u00e0s 12h Domingo 8h30 \u00e0s 12h \u2013 Atualizado em 12\/06\/2025<\/p>\n","protected":false},"author":1,"featured_media":0,"parent":0,"menu_order":0,"comment_status":"closed","ping_status":"closed","template":"","meta":{"footnotes":""},"class_list":["post-710","page","type-page","status-publish","czr-hentry"],"_links":{"self":[{"href":"https:\/\/ecvg.com.br\/site\/wp-json\/wp\/v2\/pages\/710","targetHints":{"allow":["GET"]}}],"collection":[{"href":"https:\/\/ecvg.com.br\/site\/wp-json\/wp\/v2\/pages"}],"about":[{"href":"https:\/\/ecvg.com.br\/site\/wp-json\/wp\/v2\/types\/page"}],"author":[{"embeddable":true,"href":"https:\/\/ecvg.com.br\/site\/wp-json\/wp\/v2\/users\/1"}],"replies":[{"embeddable":true,"href":"https:\/\/ecvg.com.br\/site\/wp-json\/wp\/v2\/comments?post=710"}],"version-history":[{"count":7,"href":"https:\/\/ecvg.com.br\/site\/wp-json\/wp\/v2\/pages\/710\/revisions"}],"predecessor-version":[{"id":1478,"href":"https:\/\/ecvg.com.br\/site\/wp-json\/wp\/v2\/pages\/710\/revisions\/1478"}],"wp:attachment":[{"href":"https:\/\/ecvg.com.br\/site\/wp-json\/wp\/v2\/media?parent=710"}],"curies":[{"name":"wp","href":"https:\/\/api.w.org\/{rel}","templated":true}]}}